{"id":63,"date":"2024-06-21T20:14:03","date_gmt":"2024-06-21T18:14:03","guid":{"rendered":"https:\/\/auxtoursdunmonde.com\/?page_id=63"},"modified":"2024-06-23T17:32:04","modified_gmt":"2024-06-23T15:32:04","slug":"qui-sommes-nous","status":"publish","type":"page","link":"https:\/\/auxtoursdunmonde.com\/index.php\/qui-sommes-nous\/","title":{"rendered":"Qui sommes nous ?"},"content":{"rendered":"\n<p>Notre histoire, elle commence ce jour o\u00f9 nous nous sommes rencontr\u00e9s. De fils en aiguilles notre vie s&rsquo;est dessin\u00e9e, sont venus maison, travail, enfants&#8230; et remise en question. Le 30 octobre 2012, nous avons pris une grande d\u00e9cision et le 31 d\u00e9cembre 2012 nous avons rendu notre maison..<\/p>\n\n\n\n<div class=\"wp-block-columns is-layout-flex wp-container-core-columns-is-layout-9d6595d7 wp-block-columns-is-layout-flex\">\n<div class=\"wp-block-column is-layout-flow wp-block-column-is-layout-flow\">\n<figure class=\"wp-block-image size-large is-resized\"><img loading=\"lazy\" decoding=\"async\" width=\"1024\" height=\"576\" src=\"https:\/\/auxtoursdunmonde.com\/wp-content\/uploads\/2024\/06\/Snapshot_23-1024x576.png\" alt=\"\" class=\"wp-image-208\" style=\"width:404px;height:auto\" srcset=\"https:\/\/auxtoursdunmonde.com\/wp-content\/uploads\/2024\/06\/Snapshot_23-1024x576.png 1024w, https:\/\/auxtoursdunmonde.com\/wp-content\/uploads\/2024\/06\/Snapshot_23-300x169.png 300w, https:\/\/auxtoursdunmonde.com\/wp-content\/uploads\/2024\/06\/Snapshot_23-768x432.png 768w, https:\/\/auxtoursdunmonde.com\/wp-content\/uploads\/2024\/06\/Snapshot_23-1536x864.png 1536w, https:\/\/auxtoursdunmonde.com\/wp-content\/uploads\/2024\/06\/Snapshot_23-600x338.png 600w, https:\/\/auxtoursdunmonde.com\/wp-content\/uploads\/2024\/06\/Snapshot_23.png 1920w\" sizes=\"auto, (max-width: 1024px) 100vw, 1024px\" \/><figcaption class=\"wp-element-caption\"><em><strong>Yo<\/strong><\/em><strong style=\"font-style: italic;\">han<\/strong><strong>, <\/strong>41 ans. On va oublier les m\u00e9tiers et se consacrer \u00e0 tous ce que nous aimons. La voile, bricoler, s&rsquo;occuper, la d\u00e9tection, d\u00e9couvrir l&rsquo;histoire et 1001 choses.<\/figcaption><\/figure>\n\n\n\n<p><\/p>\n<\/div>\n\n\n\n<div class=\"wp-block-column is-layout-flow wp-block-column-is-layout-flow\">\n<figure class=\"wp-block-image size-large is-resized\"><img loading=\"lazy\" decoding=\"async\" width=\"1024\" height=\"576\" src=\"https:\/\/auxtoursdunmonde.com\/wp-content\/uploads\/2024\/06\/Snapshot_20-1024x576.png\" alt=\"\" class=\"wp-image-209\" style=\"width:329px;height:auto\" srcset=\"https:\/\/auxtoursdunmonde.com\/wp-content\/uploads\/2024\/06\/Snapshot_20-1024x576.png 1024w, https:\/\/auxtoursdunmonde.com\/wp-content\/uploads\/2024\/06\/Snapshot_20-300x169.png 300w, https:\/\/auxtoursdunmonde.com\/wp-content\/uploads\/2024\/06\/Snapshot_20-768x432.png 768w, https:\/\/auxtoursdunmonde.com\/wp-content\/uploads\/2024\/06\/Snapshot_20-1536x864.png 1536w, https:\/\/auxtoursdunmonde.com\/wp-content\/uploads\/2024\/06\/Snapshot_20-600x338.png 600w, https:\/\/auxtoursdunmonde.com\/wp-content\/uploads\/2024\/06\/Snapshot_20.png 1920w\" sizes=\"auto, (max-width: 1024px) 100vw, 1024px\" \/><figcaption class=\"wp-element-caption\"><em><strong>De<\/strong><\/em><strong style=\"font-style: italic;\">borah, <\/strong>35 ans. Les paysages, la photo, lire, \u00e9crire, la mer, la d\u00e9couverte, voyager \u00e0 l&rsquo;\u00e9vidence&#8230;<\/figcaption><\/figure>\n<\/div>\n<\/div>\n\n\n\n<div class=\"wp-block-columns is-layout-flex wp-container-core-columns-is-layout-9d6595d7 wp-block-columns-is-layout-flex\">\n<div class=\"wp-block-column is-layout-flow wp-block-column-is-layout-flow\">\n<figure class=\"wp-block-image size-large\"><img loading=\"lazy\" decoding=\"async\" width=\"1024\" height=\"485\" src=\"https:\/\/auxtoursdunmonde.com\/wp-content\/uploads\/2024\/06\/20230425_164651-1024x485.jpg\" alt=\"\" class=\"wp-image-210\" srcset=\"https:\/\/auxtoursdunmonde.com\/wp-content\/uploads\/2024\/06\/20230425_164651-1024x485.jpg 1024w, https:\/\/auxtoursdunmonde.com\/wp-content\/uploads\/2024\/06\/20230425_164651-300x142.jpg 300w, https:\/\/auxtoursdunmonde.com\/wp-content\/uploads\/2024\/06\/20230425_164651-768x363.jpg 768w, https:\/\/auxtoursdunmonde.com\/wp-content\/uploads\/2024\/06\/20230425_164651-1536x727.jpg 1536w, https:\/\/auxtoursdunmonde.com\/wp-content\/uploads\/2024\/06\/20230425_164651-2048x969.jpg 2048w, https:\/\/auxtoursdunmonde.com\/wp-content\/uploads\/2024\/06\/20230425_164651-600x284.jpg 600w\" sizes=\"auto, (max-width: 1024px) 100vw, 1024px\" \/><figcaption class=\"wp-element-caption\"><strong style=\"font-style: italic;\">Franck, <\/strong>16 ans. Un moulin \u00e0 paroles qui aime les animaux, la nature, qui aime savoir sur tous les sujets qui se pr\u00e9sentent \u00e0 lui. Son pc&#8230;ah oui il a 16 ans ! Aujourd&rsquo;hui, il pr\u00e9pare un CAP menuiserie.<\/figcaption><\/figure>\n<\/div>\n\n\n\n<div class=\"wp-block-column is-layout-flow wp-block-column-is-layout-flow\">\n<figure class=\"wp-block-image size-large\"><img loading=\"lazy\" decoding=\"async\" width=\"1024\" height=\"576\" src=\"https:\/\/auxtoursdunmonde.com\/wp-content\/uploads\/2024\/06\/Snapshot_11-1024x576.png\" alt=\"\" class=\"wp-image-215\" srcset=\"https:\/\/auxtoursdunmonde.com\/wp-content\/uploads\/2024\/06\/Snapshot_11-1024x576.png 1024w, https:\/\/auxtoursdunmonde.com\/wp-content\/uploads\/2024\/06\/Snapshot_11-300x169.png 300w, https:\/\/auxtoursdunmonde.com\/wp-content\/uploads\/2024\/06\/Snapshot_11-768x432.png 768w, https:\/\/auxtoursdunmonde.com\/wp-content\/uploads\/2024\/06\/Snapshot_11-1536x864.png 1536w, https:\/\/auxtoursdunmonde.com\/wp-content\/uploads\/2024\/06\/Snapshot_11-600x338.png 600w, https:\/\/auxtoursdunmonde.com\/wp-content\/uploads\/2024\/06\/Snapshot_11.png 1920w\" sizes=\"auto, (max-width: 1024px) 100vw, 1024px\" \/><figcaption class=\"wp-element-caption\"><strong style=\"font-style: italic;\">Alysse<\/strong>, 12 ans. Petite princesse qui adore les v\u00eatements, les sacs et les chaussures, mais aussi la nature et les moment simples. Cette petite c\u00e2line qui s&rsquo;\u00e9panouie entour\u00e9e de ceux qu&rsquo;elle aime.<\/figcaption><\/figure>\n<\/div>\n\n\n\n<div class=\"wp-block-column is-layout-flow wp-block-column-is-layout-flow\">\n<figure class=\"wp-block-image size-large\"><img loading=\"lazy\" decoding=\"async\" width=\"1024\" height=\"576\" src=\"https:\/\/auxtoursdunmonde.com\/wp-content\/uploads\/2024\/06\/20240326_091410-1024x576.jpg\" alt=\"\" class=\"wp-image-216\" srcset=\"https:\/\/auxtoursdunmonde.com\/wp-content\/uploads\/2024\/06\/20240326_091410-1024x576.jpg 1024w, https:\/\/auxtoursdunmonde.com\/wp-content\/uploads\/2024\/06\/20240326_091410-300x169.jpg 300w, https:\/\/auxtoursdunmonde.com\/wp-content\/uploads\/2024\/06\/20240326_091410-768x432.jpg 768w, https:\/\/auxtoursdunmonde.com\/wp-content\/uploads\/2024\/06\/20240326_091410-1536x864.jpg 1536w, https:\/\/auxtoursdunmonde.com\/wp-content\/uploads\/2024\/06\/20240326_091410-2048x1151.jpg 2048w, https:\/\/auxtoursdunmonde.com\/wp-content\/uploads\/2024\/06\/20240326_091410-600x337.jpg 600w\" sizes=\"auto, (max-width: 1024px) 100vw, 1024px\" \/><figcaption class=\"wp-element-caption\"><em><strong>Noha, <\/strong><\/em>5 ans. Notre b\u00e9b\u00e9 voyage qui porte en lui le symbole d&rsquo;un monde nouveau. Il aime tout c&rsquo;est simple \u00e0 cet \u00e2ge.<\/figcaption><\/figure>\n<\/div>\n<\/div>\n\n\n\n<div class=\"wp-block-columns is-layout-flex wp-container-core-columns-is-layout-9d6595d7 wp-block-columns-is-layout-flex\">\n<div class=\"wp-block-column is-layout-flow wp-block-column-is-layout-flow\">\n<figure class=\"wp-block-image size-large is-resized\"><img loading=\"lazy\" decoding=\"async\" width=\"1024\" height=\"576\" src=\"https:\/\/auxtoursdunmonde.com\/wp-content\/uploads\/2024\/06\/20240408_080744-1024x576.jpg\" alt=\"\" class=\"wp-image-217\" srcset=\"https:\/\/auxtoursdunmonde.com\/wp-content\/uploads\/2024\/06\/20240408_080744-1024x576.jpg 1024w, https:\/\/auxtoursdunmonde.com\/wp-content\/uploads\/2024\/06\/20240408_080744-300x169.jpg 300w, https:\/\/auxtoursdunmonde.com\/wp-content\/uploads\/2024\/06\/20240408_080744-768x432.jpg 768w, https:\/\/auxtoursdunmonde.com\/wp-content\/uploads\/2024\/06\/20240408_080744-1536x864.jpg 1536w, https:\/\/auxtoursdunmonde.com\/wp-content\/uploads\/2024\/06\/20240408_080744-2048x1152.jpg 2048w, https:\/\/auxtoursdunmonde.com\/wp-content\/uploads\/2024\/06\/20240408_080744-600x338.jpg 600w\" sizes=\"auto, (max-width: 1024px) 100vw, 1024px\" \/><figcaption class=\"wp-element-caption\"><em><strong>Mimine,<\/strong><\/em><strong style=\"font-style: italic;\"> <\/strong>7 ans&#8230; \u00e0 la louche. Nous l&rsquo;avons trouv\u00e9 sur un parking lorsqu&rsquo;elle avait environ 8\/9 mois, elle ne nous a plus jamais quitt\u00e9s.<\/figcaption><\/figure>\n<\/div>\n\n\n\n<div class=\"wp-block-column is-layout-flow wp-block-column-is-layout-flow\">\n<figure class=\"wp-block-image size-large is-resized\"><img loading=\"lazy\" decoding=\"async\" width=\"1024\" height=\"576\" src=\"https:\/\/auxtoursdunmonde.com\/wp-content\/uploads\/2024\/06\/20240509_113219-1024x576.jpg\" alt=\"\" class=\"wp-image-218\" srcset=\"https:\/\/auxtoursdunmonde.com\/wp-content\/uploads\/2024\/06\/20240509_113219-1024x576.jpg 1024w, https:\/\/auxtoursdunmonde.com\/wp-content\/uploads\/2024\/06\/20240509_113219-300x169.jpg 300w, https:\/\/auxtoursdunmonde.com\/wp-content\/uploads\/2024\/06\/20240509_113219-768x432.jpg 768w, https:\/\/auxtoursdunmonde.com\/wp-content\/uploads\/2024\/06\/20240509_113219-1536x864.jpg 1536w, https:\/\/auxtoursdunmonde.com\/wp-content\/uploads\/2024\/06\/20240509_113219-2048x1152.jpg 2048w, https:\/\/auxtoursdunmonde.com\/wp-content\/uploads\/2024\/06\/20240509_113219-600x338.jpg 600w\" sizes=\"auto, (max-width: 1024px) 100vw, 1024px\" \/><figcaption class=\"wp-element-caption\"><em><strong>Caraouce,<\/strong><\/em><strong style=\"font-style: italic;\"> <\/strong>4 ans et depuis 3 ans dans la famille.<\/figcaption><\/figure>\n<\/div>\n<\/div>\n","protected":false},"excerpt":{"rendered":"<p>Notre histoire, elle commence ce jour o\u00f9 nous nous sommes rencontr\u00e9s. De fils en aiguilles notre vie s&rsquo;est dessin\u00e9e, sont venus maison, travail, enfants&#8230; et remise en question. Le 30 [&hellip;]<\/p>\n","protected":false},"author":1,"featured_media":220,"parent":0,"menu_order":0,"comment_status":"closed","ping_status":"closed","template":"","meta":{"footnotes":""},"class_list":["post-63","page","type-page","status-publish","has-post-thumbnail","hentry"],"_links":{"self":[{"href":"https:\/\/auxtoursdunmonde.com\/index.php\/wp-json\/wp\/v2\/pages\/63","targetHints":{"allow":["GET"]}}],"collection":[{"href":"https:\/\/auxtoursdunmonde.com\/index.php\/wp-json\/wp\/v2\/pages"}],"about":[{"href":"https:\/\/auxtoursdunmonde.com\/index.php\/wp-json\/wp\/v2\/types\/page"}],"author":[{"embeddable":true,"href":"https:\/\/auxtoursdunmonde.com\/index.php\/wp-json\/wp\/v2\/users\/1"}],"replies":[{"embeddable":true,"href":"https:\/\/auxtoursdunmonde.com\/index.php\/wp-json\/wp\/v2\/comments?post=63"}],"version-history":[{"count":5,"href":"https:\/\/auxtoursdunmonde.com\/index.php\/wp-json\/wp\/v2\/pages\/63\/revisions"}],"predecessor-version":[{"id":219,"href":"https:\/\/auxtoursdunmonde.com\/index.php\/wp-json\/wp\/v2\/pages\/63\/revisions\/219"}],"wp:featuredmedia":[{"embeddable":true,"href":"https:\/\/auxtoursdunmonde.com\/index.php\/wp-json\/wp\/v2\/media\/220"}],"wp:attachment":[{"href":"https:\/\/auxtoursdunmonde.com\/index.php\/wp-json\/wp\/v2\/media?parent=63"}],"curies":[{"name":"wp","href":"https:\/\/api.w.org\/{rel}","templated":true}]}}