{"id":1767,"date":"2026-01-01T13:54:50","date_gmt":"2026-01-01T12:54:50","guid":{"rendered":"https:\/\/auxtoursdunmonde.com\/?page_id=1767"},"modified":"2026-01-01T13:55:00","modified_gmt":"2026-01-01T12:55:00","slug":"vie-associative","status":"publish","type":"page","link":"https:\/\/auxtoursdunmonde.com\/index.php\/vie-associative\/","title":{"rendered":"Vie associative"},"content":{"rendered":"\n<p><strong>L&rsquo;association Aux Tours d\u2019un Monde<\/strong>, a \u00e9t\u00e9 cr\u00e9e en 2012. C&rsquo;est une association de loi 1901, d\u00e9clar\u00e9e sous le num\u00e9ro RNA W401004058, certifi\u00e9e \u00ab\u00a0\u00e9conomie sociale et solidaire\u00a0\u00bb dans les domaines \u00ab\u00a0d\u2019interventions sociales \u2013 associations familiales\u00a0\u00bb et \u00ab\u00a0d\u2019associations caritatives et humanitaires \u2013 associations caritatives \u00e0 but multiple, associations caritatives intervenant au plan international\u00a0\u00bb. Depuis 13 ans, notre famille \u0153uvre pour les aider que ce soit par des donations financi\u00e8res, par des donations mat\u00e9rielles ou par des donations fonctionnelles lors d\u2019interventions, de construction, restaurations de nos propres mains mais aussi par les v\u00f4tres. Association non subventionn\u00e9e par l\u2019Etat.<\/p>\n\n\n\n<p>Entour\u00e9s de b\u00e9n\u00e9voles, qui effectuent des distributions que ce soient de fournitures scolaires, de v\u00eatements, des mat\u00e9riels m\u00e9dical. Ainsi que ceux qui agissent lors de soutien en cas de catastrophe naturelle, de famille dans le besoin, de soutien ou de constructions manuelles. Chaque ann\u00e9e, notre mouvement grandit gr\u00e2ce \u00e0 vous tous, nous pouvons aider de plus en plus, merci..<\/p>\n\n\n\n<figure class=\"wp-block-image\"><img loading=\"lazy\" decoding=\"async\" width=\"1024\" height=\"529\" src=\"https:\/\/auxtoursdunmonde.com\/wp-content\/uploads\/2024\/10\/Screenshot_20231011_095307_Instagram-1024x529.jpg\" alt=\"\" class=\"wp-image-359\" srcset=\"https:\/\/auxtoursdunmonde.com\/wp-content\/uploads\/2024\/10\/Screenshot_20231011_095307_Instagram-1024x529.jpg 1024w, https:\/\/auxtoursdunmonde.com\/wp-content\/uploads\/2024\/10\/Screenshot_20231011_095307_Instagram-300x155.jpg 300w, https:\/\/auxtoursdunmonde.com\/wp-content\/uploads\/2024\/10\/Screenshot_20231011_095307_Instagram-768x396.jpg 768w, https:\/\/auxtoursdunmonde.com\/wp-content\/uploads\/2024\/10\/Screenshot_20231011_095307_Instagram-600x310.jpg 600w, https:\/\/auxtoursdunmonde.com\/wp-content\/uploads\/2024\/10\/Screenshot_20231011_095307_Instagram.jpg 1079w\" sizes=\"auto, (max-width: 1024px) 100vw, 1024px\" \/><\/figure>\n\n\n\n<p>B\u00e9n\u00e9volat \u2013 VILLAGE DES TORTUES \u2013 S\u00e9n\u00e9gal<\/p>\n\n\n\n<p>Merci \u00e0 tous nos b\u00e9n\u00e9voles sur le terrain.<\/p>\n\n\n\n<p><strong>Informations publiques :<\/strong><\/p>\n\n\n\n<p>Pr\u00e9sidente \u2013 Deborah SANDER<br>Tr\u00e9sorier \u2013 Yohan SANDER<br>Secr\u00e9taire \u2013 Christophe MUNSCH<br>Secr\u00e9taire Adjointe \u2013 Sophie CHIARENZA<\/p>\n","protected":false},"excerpt":{"rendered":"<p>L&rsquo;association Aux Tours d\u2019un Monde, a \u00e9t\u00e9 cr\u00e9e en 2012. C&rsquo;est une association de loi 1901, d\u00e9clar\u00e9e sous le num\u00e9ro RNA W401004058, certifi\u00e9e \u00ab\u00a0\u00e9conomie sociale et solidaire\u00a0\u00bb dans les domaines [&hellip;]<\/p>\n","protected":false},"author":1,"featured_media":385,"parent":0,"menu_order":0,"comment_status":"closed","ping_status":"closed","template":"","meta":{"footnotes":""},"class_list":["post-1767","page","type-page","status-publish","has-post-thumbnail","hentry"],"_links":{"self":[{"href":"https:\/\/auxtoursdunmonde.com\/index.php\/wp-json\/wp\/v2\/pages\/1767","targetHints":{"allow":["GET"]}}],"collection":[{"href":"https:\/\/auxtoursdunmonde.com\/index.php\/wp-json\/wp\/v2\/pages"}],"about":[{"href":"https:\/\/auxtoursdunmonde.com\/index.php\/wp-json\/wp\/v2\/types\/page"}],"author":[{"embeddable":true,"href":"https:\/\/auxtoursdunmonde.com\/index.php\/wp-json\/wp\/v2\/users\/1"}],"replies":[{"embeddable":true,"href":"https:\/\/auxtoursdunmonde.com\/index.php\/wp-json\/wp\/v2\/comments?post=1767"}],"version-history":[{"count":2,"href":"https:\/\/auxtoursdunmonde.com\/index.php\/wp-json\/wp\/v2\/pages\/1767\/revisions"}],"predecessor-version":[{"id":1770,"href":"https:\/\/auxtoursdunmonde.com\/index.php\/wp-json\/wp\/v2\/pages\/1767\/revisions\/1770"}],"wp:featuredmedia":[{"embeddable":true,"href":"https:\/\/auxtoursdunmonde.com\/index.php\/wp-json\/wp\/v2\/media\/385"}],"wp:attachment":[{"href":"https:\/\/auxtoursdunmonde.com\/index.php\/wp-json\/wp\/v2\/media?parent=1767"}],"curies":[{"name":"wp","href":"https:\/\/api.w.org\/{rel}","templated":true}]}}