{"id":1585,"date":"2025-05-25T17:46:12","date_gmt":"2025-05-25T15:46:12","guid":{"rendered":"https:\/\/auxtoursdunmonde.com\/?page_id=1585"},"modified":"2025-06-02T15:41:52","modified_gmt":"2025-06-02T13:41:52","slug":"ben-en-voyage","status":"publish","type":"page","link":"https:\/\/auxtoursdunmonde.com\/index.php\/ben-en-voyage\/","title":{"rendered":"Annonce Mercedes ATEGO"},"content":{"rendered":"\n<figure class=\"wp-block-image size-large is-style-rounded\"><img loading=\"lazy\" decoding=\"async\" width=\"768\" height=\"1024\" src=\"https:\/\/auxtoursdunmonde.com\/wp-content\/uploads\/2025\/06\/WhatsApp-Image-2025-05-25-a-15.58.23_382c9d14-768x1024.jpg\" alt=\"\" class=\"wp-image-1601\" style=\"aspect-ratio:16\/9;object-fit:cover\" srcset=\"https:\/\/auxtoursdunmonde.com\/wp-content\/uploads\/2025\/06\/WhatsApp-Image-2025-05-25-a-15.58.23_382c9d14-768x1024.jpg 768w, https:\/\/auxtoursdunmonde.com\/wp-content\/uploads\/2025\/06\/WhatsApp-Image-2025-05-25-a-15.58.23_382c9d14-225x300.jpg 225w, https:\/\/auxtoursdunmonde.com\/wp-content\/uploads\/2025\/06\/WhatsApp-Image-2025-05-25-a-15.58.23_382c9d14-1152x1536.jpg 1152w, https:\/\/auxtoursdunmonde.com\/wp-content\/uploads\/2025\/06\/WhatsApp-Image-2025-05-25-a-15.58.23_382c9d14-600x800.jpg 600w, https:\/\/auxtoursdunmonde.com\/wp-content\/uploads\/2025\/06\/WhatsApp-Image-2025-05-25-a-15.58.23_382c9d14.jpg 1536w\" sizes=\"auto, (max-width: 768px) 100vw, 768px\" \/><\/figure>\n\n\n\n<p><\/p>\n\n\n\n<ul class=\"wp-block-list\">\n<li>Mercedes ATEGO 12 tonnes<\/li>\n\n\n\n<li>256 000km <\/li>\n\n\n\n<li>Premi\u00e8re mise en circulation : <\/li>\n\n\n\n<li>Carte Grise Camping Car &#8211; VASP Caravane<\/li>\n\n\n\n<li>2 places avec ceinture<\/li>\n\n\n\n<li>Diesel<\/li>\n\n\n\n<li>Moteur cv<\/li>\n<\/ul>\n\n\n\n<p><strong>EXT\u00c9RIEUR<\/strong><\/p>\n\n\n\n<ul class=\"wp-block-list\">\n<li>Escalier hors sol<\/li>\n\n\n\n<li>Coffres ext\u00e9rieurs<\/li>\n\n\n\n<li>Garage ind\u00e9pendant avec hayon \u00e9lectrique isol\u00e9<\/li>\n\n\n\n<li>Store <\/li>\n<\/ul>\n\n\n\n<div class=\"wp-block-columns is-layout-flex wp-container-core-columns-is-layout-9d6595d7 wp-block-columns-is-layout-flex\">\n<div class=\"wp-block-column is-layout-flow wp-block-column-is-layout-flow\" style=\"flex-basis:33.33%\">\n<figure class=\"wp-block-image size-large\"><img loading=\"lazy\" decoding=\"async\" width=\"473\" height=\"1024\" src=\"https:\/\/auxtoursdunmonde.com\/wp-content\/uploads\/2025\/06\/WhatsApp-Image-2025-05-25-a-16.54.50_c6af9f67-473x1024.jpg\" alt=\"\" class=\"wp-image-1599\" srcset=\"https:\/\/auxtoursdunmonde.com\/wp-content\/uploads\/2025\/06\/WhatsApp-Image-2025-05-25-a-16.54.50_c6af9f67-473x1024.jpg 473w, https:\/\/auxtoursdunmonde.com\/wp-content\/uploads\/2025\/06\/WhatsApp-Image-2025-05-25-a-16.54.50_c6af9f67-139x300.jpg 139w, https:\/\/auxtoursdunmonde.com\/wp-content\/uploads\/2025\/06\/WhatsApp-Image-2025-05-25-a-16.54.50_c6af9f67-709x1536.jpg 709w, https:\/\/auxtoursdunmonde.com\/wp-content\/uploads\/2025\/06\/WhatsApp-Image-2025-05-25-a-16.54.50_c6af9f67-600x1299.jpg 600w, https:\/\/auxtoursdunmonde.com\/wp-content\/uploads\/2025\/06\/WhatsApp-Image-2025-05-25-a-16.54.50_c6af9f67.jpg 739w\" sizes=\"auto, (max-width: 473px) 100vw, 473px\" \/><\/figure>\n<\/div>\n\n\n\n<div class=\"wp-block-column is-layout-flow wp-block-column-is-layout-flow\" style=\"flex-basis:66.66%\">\n<p><strong>INT\u00c9RIEUR <\/strong>&#8211; pi\u00e8ce \u00e0 vivre<\/p>\n\n\n\n<ul class=\"wp-block-list\">\n<li>Grand plan de travail<\/li>\n\n\n\n<li>Cuisini\u00e8re \u00e0 gaz (avec four \u00e0 grill)<\/li>\n\n\n\n<li>Filtre UV pour eau potable en toutes circonstance<\/li>\n\n\n\n<li>Lave Lingue<\/li>\n\n\n\n<li>R\u00e9frig\u00e9rateur 220l avec cong\u00e9lateur <\/li>\n\n\n\n<li>Micro-onde <\/li>\n\n\n\n<li>Tr\u00e8s nombreux rangements hauts et bas<\/li>\n\n\n\n<li>Hotte \u00e9lectrique automatique <\/li>\n\n\n\n<li>Dinette 4 places transformable en lit double<\/li>\n\n\n\n<li>Acc\u00e8s au garage par l&rsquo;int\u00e9rieur<\/li>\n\n\n\n<li>T\u00e9l\u00e9vision<\/li>\n\n\n\n<li>Parabole automatique<\/li>\n\n\n\n<li>Clim r\u00e9versible<\/li>\n<\/ul>\n<\/div>\n<\/div>\n\n\n\n<div class=\"wp-block-columns is-layout-flex wp-container-core-columns-is-layout-9d6595d7 wp-block-columns-is-layout-flex\">\n<div class=\"wp-block-column is-layout-flow wp-block-column-is-layout-flow\" style=\"flex-basis:66.66%\">\n<p><strong>INT\u00c9RIEUR <\/strong>&#8211; chambre<\/p>\n\n\n\n<ul class=\"wp-block-list\">\n<li>2 lits simples \u00e9lectrique<\/li>\n\n\n\n<li>2 penderies <\/li>\n\n\n\n<li>Coffres sous lit<\/li>\n\n\n\n<li>Rangements en hauteur<\/li>\n\n\n\n<li>Box 5g <\/li>\n<\/ul>\n\n\n\n<p><strong>INT\u00c9RIEUR <\/strong>&#8211; salle de bain<\/p>\n\n\n\n<ul class=\"wp-block-list\">\n<li>Grande douche 90x80cm<\/li>\n\n\n\n<li>Bac inox, incassable<\/li>\n\n\n\n<li>Grand lavabo avec placard<\/li>\n\n\n\n<li>Toilettes s\u00e8ches \u00e0 s\u00e9parateur d&rsquo;urine &#8211; z\u00e9ro odeurs<\/li>\n<\/ul>\n<\/div>\n\n\n\n<div class=\"wp-block-column is-layout-flow wp-block-column-is-layout-flow\" style=\"flex-basis:33.33%\">\n<figure class=\"wp-block-image size-large\"><img loading=\"lazy\" decoding=\"async\" width=\"473\" height=\"1024\" src=\"https:\/\/auxtoursdunmonde.com\/wp-content\/uploads\/2025\/06\/WhatsApp-Image-2025-05-25-a-16.54.50_b51027ef-473x1024.jpg\" alt=\"\" class=\"wp-image-1598\" srcset=\"https:\/\/auxtoursdunmonde.com\/wp-content\/uploads\/2025\/06\/WhatsApp-Image-2025-05-25-a-16.54.50_b51027ef-473x1024.jpg 473w, https:\/\/auxtoursdunmonde.com\/wp-content\/uploads\/2025\/06\/WhatsApp-Image-2025-05-25-a-16.54.50_b51027ef-139x300.jpg 139w, https:\/\/auxtoursdunmonde.com\/wp-content\/uploads\/2025\/06\/WhatsApp-Image-2025-05-25-a-16.54.50_b51027ef-709x1536.jpg 709w, https:\/\/auxtoursdunmonde.com\/wp-content\/uploads\/2025\/06\/WhatsApp-Image-2025-05-25-a-16.54.50_b51027ef-600x1299.jpg 600w, https:\/\/auxtoursdunmonde.com\/wp-content\/uploads\/2025\/06\/WhatsApp-Image-2025-05-25-a-16.54.50_b51027ef.jpg 739w\" sizes=\"auto, (max-width: 473px) 100vw, 473px\" \/><\/figure>\n<\/div>\n<\/div>\n\n\n\n<div class=\"wp-block-columns is-layout-flex wp-container-core-columns-is-layout-9d6595d7 wp-block-columns-is-layout-flex\">\n<div class=\"wp-block-column is-layout-flow wp-block-column-is-layout-flow\" style=\"flex-basis:33.33%\">\n<figure class=\"wp-block-image size-large\"><img loading=\"lazy\" decoding=\"async\" width=\"473\" height=\"1024\" src=\"https:\/\/auxtoursdunmonde.com\/wp-content\/uploads\/2025\/06\/WhatsApp-Image-2025-05-25-a-16.54.50_08cc96b1-473x1024.jpg\" alt=\"\" class=\"wp-image-1597\" srcset=\"https:\/\/auxtoursdunmonde.com\/wp-content\/uploads\/2025\/06\/WhatsApp-Image-2025-05-25-a-16.54.50_08cc96b1-473x1024.jpg 473w, https:\/\/auxtoursdunmonde.com\/wp-content\/uploads\/2025\/06\/WhatsApp-Image-2025-05-25-a-16.54.50_08cc96b1-139x300.jpg 139w, https:\/\/auxtoursdunmonde.com\/wp-content\/uploads\/2025\/06\/WhatsApp-Image-2025-05-25-a-16.54.50_08cc96b1-709x1536.jpg 709w, https:\/\/auxtoursdunmonde.com\/wp-content\/uploads\/2025\/06\/WhatsApp-Image-2025-05-25-a-16.54.50_08cc96b1-600x1299.jpg 600w, https:\/\/auxtoursdunmonde.com\/wp-content\/uploads\/2025\/06\/WhatsApp-Image-2025-05-25-a-16.54.50_08cc96b1.jpg 739w\" sizes=\"auto, (max-width: 473px) 100vw, 473px\" \/><\/figure>\n<\/div>\n\n\n\n<div class=\"wp-block-column is-layout-flow wp-block-column-is-layout-flow\" style=\"flex-basis:66.66%\">\n<p><strong>ELECTRICITE<\/strong><\/p>\n\n\n\n<ul class=\"wp-block-list\">\n<li>2200w panneaux solaire<\/li>\n\n\n\n<li>400Ah batterie lithium fer phosphate <\/li>\n\n\n\n<li>\u00c9quipement 100% 24v pour une autonomie totale m\u00eame par mauvais temps<\/li>\n\n\n\n<li>Prises 220v <\/li>\n\n\n\n<li>Convertisseur Victron 3000w <\/li>\n\n\n\n<li>2 mppt Victron <\/li>\n<\/ul>\n\n\n\n<p><strong>EAU<\/strong><\/p>\n\n\n\n<ul class=\"wp-block-list\">\n<li>2 cuves d&rsquo;eau propre (total 400l)<\/li>\n\n\n\n<li>pompe \u00e0 eau Jabsco (surpresseur inutile) <\/li>\n\n\n\n<li>1 cuve \u00e0 eaux grise<\/li>\n\n\n\n<li>robinet ext\u00e9rieur eau chaude et froide<\/li>\n\n\n\n<li>tuyau d&rsquo;eau int\u00e9gr\u00e9 <\/li>\n\n\n\n<li>chauffage \u00e0 eau \/ chauffe eau Autoterm<\/li>\n<\/ul>\n\n\n\n<p><strong>PAS S\u00c9RIEUX S&rsquo;ABSTENIR !<\/strong><\/p>\n<\/div>\n<\/div>\n\n\n\n<p>CONTACT : Patrick<\/p>\n\n\n\n<p>06 64 40 98 35<br>lequinsois@gmail.com<\/p>\n\n\n\n<p>Vid\u00e9os d&rsquo;am\u00e9nagement disponible :<br>&#8211; Arriv\u00e9e du camion : <a href=\"https:\/\/youtu.be\/Lee59yA8dSM\">https:\/\/youtu.be\/Lee59yA8dSM<\/a><br>&#8211; Fabrication de l&rsquo;escalier : <a href=\"https:\/\/youtu.be\/jFP-bCRJM7c\">https:\/\/youtu.be\/jFP-bCRJM7c<\/a><br>&#8211; Double plancher : <a href=\"https:\/\/youtu.be\/muddQF7yPC0\">https:\/\/youtu.be\/muddQF7yPC0<\/a><br>&#8211; Cr\u00e9ation du garage : <a href=\"https:\/\/youtu.be\/-klxR3bbfUc\">https:\/\/youtu.be\/-klxR3bbfUc<\/a><br>&#8211; Cr\u00e9ation des murs : <a href=\"https:\/\/youtu.be\/utpDlTaSR40\">https:\/\/youtu.be\/utpDlTaSR40<\/a> ; <a href=\"https:\/\/youtu.be\/s3Lu3HqaST8\">https:\/\/youtu.be\/s3Lu3HqaST8<\/a><br>&#8211; Installation du gaz : <a href=\"https:\/\/youtu.be\/hY5-JRCO3IY\">https:\/\/youtu.be\/hY5-JRCO3IY<\/a><br>&#8211; Installation du chauffage : <a href=\"https:\/\/youtu.be\/kRGsXvu7qwk\">https:\/\/youtu.be\/kRGsXvu7qwk<\/a><br>&#8211; Divers : <a href=\"https:\/\/youtu.be\/HLwgcQRHzxA\">https:\/\/youtu.be\/HLwgcQRHzxA<\/a><br>&#8211; Chauffage \u00e0 eau : <a href=\"https:\/\/youtu.be\/B7_aUPJS4cs\">https:\/\/youtu.be\/B7_aUPJS4cs<\/a><br>&#8211; Passage Qualigaz : <a href=\"https:\/\/youtu.be\/bLJY6mlkCJU\">https:\/\/youtu.be\/bLJY6mlkCJU<\/a><br>&#8211; Cuisine : <a href=\"https:\/\/youtu.be\/KFGFYX9JIaA\">https:\/\/youtu.be\/KFGFYX9JIaA<\/a><br>&#8211; Cr\u00e9ation des toilettes s\u00e8ches : <a href=\"https:\/\/youtu.be\/G79avdVhFbc\">https:\/\/youtu.be\/G79avdVhFbc<\/a><br>&#8211; RDV pour la pes\u00e9e : <a href=\"https:\/\/youtu.be\/DoeOqybAl2A\">https:\/\/youtu.be\/DoeOqybAl2A<\/a><br>&#8211; Installation de la clim : <a href=\"https:\/\/youtu.be\/q8MPh8b5caI\">https:\/\/youtu.be\/q8MPh8b5caI<\/a><br>&#8211; Camion termin\u00e9 : <a href=\"https:\/\/youtu.be\/5cVRfesO7e4\">https:\/\/youtu.be\/5cVRfesO7e4<\/a><br><\/p>\n","protected":false},"excerpt":{"rendered":"<p>EXT\u00c9RIEUR INT\u00c9RIEUR &#8211; pi\u00e8ce \u00e0 vivre INT\u00c9RIEUR &#8211; chambre INT\u00c9RIEUR &#8211; salle de bain ELECTRICITE EAU PAS S\u00c9RIEUX S&rsquo;ABSTENIR ! CONTACT : Patrick 06 64 40 98 35lequinsois@gmail.com Vid\u00e9os d&rsquo;am\u00e9nagement [&hellip;]<\/p>\n","protected":false},"author":1,"featured_media":0,"parent":0,"menu_order":0,"comment_status":"closed","ping_status":"closed","template":"","meta":{"footnotes":""},"class_list":["post-1585","page","type-page","status-publish","hentry"],"_links":{"self":[{"href":"https:\/\/auxtoursdunmonde.com\/index.php\/wp-json\/wp\/v2\/pages\/1585","targetHints":{"allow":["GET"]}}],"collection":[{"href":"https:\/\/auxtoursdunmonde.com\/index.php\/wp-json\/wp\/v2\/pages"}],"about":[{"href":"https:\/\/auxtoursdunmonde.com\/index.php\/wp-json\/wp\/v2\/types\/page"}],"author":[{"embeddable":true,"href":"https:\/\/auxtoursdunmonde.com\/index.php\/wp-json\/wp\/v2\/users\/1"}],"replies":[{"embeddable":true,"href":"https:\/\/auxtoursdunmonde.com\/index.php\/wp-json\/wp\/v2\/comments?post=1585"}],"version-history":[{"count":5,"href":"https:\/\/auxtoursdunmonde.com\/index.php\/wp-json\/wp\/v2\/pages\/1585\/revisions"}],"predecessor-version":[{"id":1778,"href":"https:\/\/auxtoursdunmonde.com\/index.php\/wp-json\/wp\/v2\/pages\/1585\/revisions\/1778"}],"wp:attachment":[{"href":"https:\/\/auxtoursdunmonde.com\/index.php\/wp-json\/wp\/v2\/media?parent=1585"}],"curies":[{"name":"wp","href":"https:\/\/api.w.org\/{rel}","templated":true}]}}